{"id":6,"date":"2016-08-17T15:23:46","date_gmt":"2016-08-17T15:23:46","guid":{"rendered":"http:\/\/romareservatorios.com.br\/site\/?page_id=6"},"modified":"2019-10-17T14:22:02","modified_gmt":"2019-10-17T14:22:02","slug":"home","status":"publish","type":"page","link":"https:\/\/romareservatorios.com.br\/site\/","title":{"rendered":"HOME"},"content":{"rendered":"<div class=\"fusion-fullwidth fullwidth-box fusion-builder-row-1 hundred-percent-fullwidth non-hundred-percent-height-scrolling\" style=\"background-color: rgba(255,255,255,0);background-position: center center;background-repeat: no-repeat;padding-top:0px;padding-right:0px;padding-bottom:0px;padding-left:0px;margin-bottom: 0px;margin-top: 0px;border-width: 0px 0px 0px 0px;border-color:#eae9e9;border-style:solid;\" ><div class=\"fusion-builder-row fusion-row\"><div class=\"fusion-layout-column fusion_builder_column fusion-builder-column-0 fusion_builder_column_1_1 1_1 fusion-one-full fusion-column-first fusion-column-last fusion-column-no-min-height\" style=\"margin-top:0px;margin-bottom:0px;\"><div class=\"fusion-column-wrapper fusion-flex-column-wrapper-legacy\" style=\"background-position:left top;background-repeat:no-repeat;-webkit-background-size:cover;-moz-background-size:cover;-o-background-size:cover;background-size:cover;padding: 0px 0px 0px 0px;\"><div class=\"fusion-slider-sc fusion-flexslider-loading flexslider flexslider-hover-type-none\" data-slideshow_autoplay=\"1\" data-slideshow_smooth_height=\"0\" data-slideshow_speed=\"7000\" style=\"max-width:100%;height:100%;\"><ul class=\"slides\"><li class=\"image\"><span class=\"fusion-image-hover-element hover-type-none\"><img decoding=\"async\" src=\"data:image\/svg+xml,%3Csvg%20xmlns%3D%27http%3A%2F%2Fwww.w3.org%2F2000%2Fsvg%27%20width%3D%271100%27%20height%3D%27400%27%20viewBox%3D%270%200%201100%20400%27%3E%3Crect%20width%3D%271100%27%20height%3D%27400%27%20fill-opacity%3D%220%22%2F%3E%3C%2Fsvg%3E\" width=\"1100\" height=\"400\" class=\"wp-image-172 lazyload\" data-orig-src=\"https:\/\/romareservatorios.com.br\/site\/wp-content\/uploads\/2016\/08\/banner-roma-reservatorios-2-0-1.jpg\" \/><\/span><\/li><li class=\"image\"><span class=\"fusion-image-hover-element hover-type-none\"><img decoding=\"async\" src=\"data:image\/svg+xml,%3Csvg%20xmlns%3D%27http%3A%2F%2Fwww.w3.org%2F2000%2Fsvg%27%20width%3D%271100%27%20height%3D%27400%27%20viewBox%3D%270%200%201100%20400%27%3E%3Crect%20width%3D%271100%27%20height%3D%27400%27%20fill-opacity%3D%220%22%2F%3E%3C%2Fsvg%3E\" width=\"1100\" height=\"400\" class=\"wp-image-75 lazyload\" data-orig-src=\"https:\/\/romareservatorios.com.br\/site\/wp-content\/uploads\/2016\/08\/banner-roma-reservatorios-2-1.jpg\" \/><\/span><\/li><li class=\"image\"><span class=\"fusion-image-hover-element hover-type-none\"><img decoding=\"async\" src=\"data:image\/svg+xml,%3Csvg%20xmlns%3D%27http%3A%2F%2Fwww.w3.org%2F2000%2Fsvg%27%20width%3D%271100%27%20height%3D%27400%27%20viewBox%3D%270%200%201100%20400%27%3E%3Crect%20width%3D%271100%27%20height%3D%27400%27%20fill-opacity%3D%220%22%2F%3E%3C%2Fsvg%3E\" width=\"1100\" height=\"400\" class=\"wp-image-99 lazyload\" data-orig-src=\"https:\/\/romareservatorios.com.br\/site\/wp-content\/uploads\/2016\/08\/banner-roma-reservatorios-2-2-1.jpg\" \/><\/span><\/li><li class=\"image\"><span class=\"fusion-image-hover-element hover-type-none\"><img decoding=\"async\" src=\"data:image\/svg+xml,%3Csvg%20xmlns%3D%27http%3A%2F%2Fwww.w3.org%2F2000%2Fsvg%27%20width%3D%271100%27%20height%3D%27400%27%20viewBox%3D%270%200%201100%20400%27%3E%3Crect%20width%3D%271100%27%20height%3D%27400%27%20fill-opacity%3D%220%22%2F%3E%3C%2Fsvg%3E\" width=\"1100\" height=\"400\" class=\"wp-image-242 lazyload\" data-orig-src=\"https:\/\/romareservatorios.com.br\/site\/wp-content\/uploads\/banner-modificacao-1-17-10.jpg\" \/><\/span><\/li><li class=\"image\"><span class=\"fusion-image-hover-element hover-type-none\"><img decoding=\"async\" src=\"data:image\/svg+xml,%3Csvg%20xmlns%3D%27http%3A%2F%2Fwww.w3.org%2F2000%2Fsvg%27%20width%3D%271100%27%20height%3D%27400%27%20viewBox%3D%270%200%201100%20400%27%3E%3Crect%20width%3D%271100%27%20height%3D%27400%27%20fill-opacity%3D%220%22%2F%3E%3C%2Fsvg%3E\" width=\"1100\" height=\"400\" class=\"wp-image-243 lazyload\" data-orig-src=\"https:\/\/romareservatorios.com.br\/site\/wp-content\/uploads\/banner-2-17-10.jpg\" \/><\/span><\/li><\/ul><\/div><div class=\"fusion-text fusion-text-1\"><h2 style=\"text-align: center;\">Ligue: (11) 2592-1156 \/ <a href=\"https:\/\/api.whatsapp.com\/send?1=pt_BR&amp;phone=5511981349809\">98134-9809 WhatsApp<\/a><br \/>\nE-mail:<span class=\"fusion-header-separator\">\u00a0<\/span><a href=\"mailto:vendas@romareservatorios.com.br\">vendas@romareservatorios.com.br<\/a><\/h2>\n<\/div><div class=\"fusion-builder-row fusion-builder-row-inner fusion-row\"><div class=\"fusion-layout-column fusion_builder_column_inner fusion-builder-nested-column-0 fusion_builder_column_inner_1_3 1_3 fusion-one-third fusion-column-first\" style=\"width:30.6666%; margin-right: 4%;margin-top:0px;margin-bottom:20px;\"><div class=\"fusion-column-wrapper fusion-flex-column-wrapper-legacy\" style=\"background-position:left top;background-repeat:no-repeat;-webkit-background-size:cover;-moz-background-size:cover;-o-background-size:cover;background-size:cover;padding: 0px 0px 0px 0px;\"><div class=\"fusion-clearfix\"><\/div><\/div><\/div><\/div><div class=\"fusion-text fusion-text-2\"><\/div><div class=\"fusion-clearfix\"><\/div><\/div><\/div><div class=\"fusion-layout-column fusion_builder_column fusion-builder-column-1 fusion_builder_column_1_3 1_3 fusion-one-third fusion-column-first fusion-column-no-min-height\" style=\"width:30.6666%; margin-right: 4%;margin-top:0px;margin-bottom:0px;\"><div class=\"fusion-column-wrapper fusion-flex-column-wrapper-legacy\" style=\"background-position:left top;background-repeat:no-repeat;-webkit-background-size:cover;-moz-background-size:cover;-o-background-size:cover;background-size:cover;padding: 0px 0px 0px 0px;\"><style type='text\/css'>.reading-box-container-1 .element-bottomshadow:before,.reading-box-container-1 .element-bottomshadow:after{opacity:0.70;}<\/style><div class=\"fusion-reading-box-container reading-box-container-1\" style=\"margin-top:0px;margin-bottom:5px;\"><div class=\"reading-box reading-box-center element-bottomshadow\" style=\"background-color:#ffffff;border-width:1px;border-color:#ffffff;border-bottom-width:3px;border-bottom-color:var(--primary_color);border-style:solid;\"><h2>Apoiados &amp; Tubulares<\/h2><div class=\"reading-box-additional fusion-reading-box-additional\">\n<p style=\"text-align: center;\"><img decoding=\"async\" class=\"lazyload alignnone wp-image-44 size-medium\" src=\"https:\/\/romareservatorios.com.br\/site\/wp-content\/uploads\/2016\/08\/icones-roma-reservatorios-reservatorios-300x100.jpg\" data-orig-src=\"https:\/\/romareservatorios.com.br\/site\/wp-content\/uploads\/2016\/08\/icones-roma-reservatorios-reservatorios-300x100.jpg\" alt=\"\" width=\"300\" height=\"100\" srcset=\"data:image\/svg+xml,%3Csvg%20xmlns%3D%27http%3A%2F%2Fwww.w3.org%2F2000%2Fsvg%27%20width%3D%27300%27%20height%3D%27100%27%20viewBox%3D%270%200%20300%20100%27%3E%3Crect%20width%3D%27300%27%20height%3D%27100%27%20fill-opacity%3D%220%22%2F%3E%3C%2Fsvg%3E\" data-srcset=\"https:\/\/romareservatorios.com.br\/site\/wp-content\/uploads\/2016\/08\/icones-roma-reservatorios-reservatorios-200x67.jpg 200w, https:\/\/romareservatorios.com.br\/site\/wp-content\/uploads\/2016\/08\/icones-roma-reservatorios-reservatorios.jpg 300w\" data-sizes=\"auto\" data-orig-sizes=\"(max-width: 300px) 100vw, 300px\" \/><\/p>\n<\/div><div class=\"fusion-clearfix\"><\/div><a class=\"button fusion-button button-lightgray fusion-button-medium button-medium button-flat fusion-mobile-button continue-center\" style=\"-webkit-box-shadow:none;-moz-box-shadow:none;box-shadow:none;border-radius:2px;\" href=\"reservatorio-apoiados-tubulares\/\" target=\"_self\"><span>Veja Mais...<\/span><\/a><\/div><\/div><div class=\"fusion-clearfix\"><\/div><\/div><\/div><div class=\"fusion-layout-column fusion_builder_column fusion-builder-column-2 fusion_builder_column_1_3 1_3 fusion-one-third\" style=\"width:30.6666%; margin-right: 4%;margin-top:0px;margin-bottom:20px;\"><div class=\"fusion-column-wrapper fusion-flex-column-wrapper-legacy\" style=\"background-position:left top;background-repeat:no-repeat;-webkit-background-size:cover;-moz-background-size:cover;-o-background-size:cover;background-size:cover;padding: 0px 0px 0px 0px;\"><style type='text\/css'>.reading-box-container-2 .element-bottomshadow:before,.reading-box-container-2 .element-bottomshadow:after{opacity:0.70;}<\/style><div class=\"fusion-reading-box-container reading-box-container-2\" style=\"margin-top:0px;margin-bottom:5px;\"><div class=\"reading-box reading-box-center element-bottomshadow\" style=\"background-color:#ffffff;border-width:1px;border-color:#ffffff;border-bottom-width:3px;border-bottom-color:var(--primary_color);border-style:solid;\"><h2>Ta\u00e7as &amp; Especiais<\/h2><div class=\"reading-box-additional fusion-reading-box-additional\">\n<p style=\"text-align: center;\"><img decoding=\"async\" class=\"lazyload alignnone wp-image-45 size-medium\" src=\"https:\/\/romareservatorios.com.br\/site\/wp-content\/uploads\/2016\/08\/icones-roma-reservatorios-taca-300x100.jpg\" data-orig-src=\"https:\/\/romareservatorios.com.br\/site\/wp-content\/uploads\/2016\/08\/icones-roma-reservatorios-taca-300x100.jpg\" alt=\"\" width=\"300\" height=\"100\" srcset=\"data:image\/svg+xml,%3Csvg%20xmlns%3D%27http%3A%2F%2Fwww.w3.org%2F2000%2Fsvg%27%20width%3D%27300%27%20height%3D%27100%27%20viewBox%3D%270%200%20300%20100%27%3E%3Crect%20width%3D%27300%27%20height%3D%27100%27%20fill-opacity%3D%220%22%2F%3E%3C%2Fsvg%3E\" data-srcset=\"https:\/\/romareservatorios.com.br\/site\/wp-content\/uploads\/2016\/08\/icones-roma-reservatorios-taca-200x67.jpg 200w, https:\/\/romareservatorios.com.br\/site\/wp-content\/uploads\/2016\/08\/icones-roma-reservatorios-taca.jpg 300w\" data-sizes=\"auto\" data-orig-sizes=\"(max-width: 300px) 100vw, 300px\" \/><\/p>\n<\/div><div class=\"fusion-clearfix\"><\/div><a class=\"button fusion-button button-lightgray fusion-button-medium button-medium button-flat fusion-mobile-button continue-center\" style=\"-webkit-box-shadow:none;-moz-box-shadow:none;box-shadow:none;border-radius:2px;\" href=\"reservatorio-tacas-especiais\/\" target=\"_self\"><span>Veja Mais...<\/span><\/a><\/div><\/div><div class=\"fusion-clearfix\"><\/div><\/div><\/div><div class=\"fusion-layout-column fusion_builder_column fusion-builder-column-3 fusion_builder_column_1_3 1_3 fusion-one-third fusion-column-last\" style=\"width:30.6666%;margin-top:0px;margin-bottom:20px;\"><div class=\"fusion-column-wrapper fusion-flex-column-wrapper-legacy\" style=\"background-position:left top;background-repeat:no-repeat;-webkit-background-size:cover;-moz-background-size:cover;-o-background-size:cover;background-size:cover;padding: 0px 0px 0px 0px;\"><style type='text\/css'>.reading-box-container-3 .element-bottomshadow:before,.reading-box-container-3 .element-bottomshadow:after{opacity:0.7;}<\/style><div class=\"fusion-reading-box-container reading-box-container-3\" style=\"margin-top:0px;margin-bottom:5px;\"><div class=\"reading-box reading-box-center element-bottomshadow\" style=\"background-color:#ffffff;border-width:1px;border-color:#ffffff;border-bottom-width:3px;border-bottom-color:var(--primary_color);border-style:solid;\"><h2>Bases para Reservat\u00f3rios<\/h2><div class=\"reading-box-additional fusion-reading-box-additional\">\n<p style=\"text-align: center;\"><img decoding=\"async\" class=\"lazyload alignnone wp-image-43 size-medium\" src=\"https:\/\/romareservatorios.com.br\/site\/wp-content\/uploads\/2016\/08\/icones-roma-reservatorios-base-reservatorio-300x100.jpg\" data-orig-src=\"https:\/\/romareservatorios.com.br\/site\/wp-content\/uploads\/2016\/08\/icones-roma-reservatorios-base-reservatorio-300x100.jpg\" alt=\"\" width=\"300\" height=\"100\" srcset=\"data:image\/svg+xml,%3Csvg%20xmlns%3D%27http%3A%2F%2Fwww.w3.org%2F2000%2Fsvg%27%20width%3D%27300%27%20height%3D%27100%27%20viewBox%3D%270%200%20300%20100%27%3E%3Crect%20width%3D%27300%27%20height%3D%27100%27%20fill-opacity%3D%220%22%2F%3E%3C%2Fsvg%3E\" data-srcset=\"https:\/\/romareservatorios.com.br\/site\/wp-content\/uploads\/2016\/08\/icones-roma-reservatorios-base-reservatorio-200x67.jpg 200w, https:\/\/romareservatorios.com.br\/site\/wp-content\/uploads\/2016\/08\/icones-roma-reservatorios-base-reservatorio.jpg 300w\" data-sizes=\"auto\" data-orig-sizes=\"(max-width: 300px) 100vw, 300px\" \/><\/p>\n<\/div><div class=\"fusion-clearfix\"><\/div><a class=\"button fusion-button button-lightgray fusion-button-medium button-medium button-flat fusion-mobile-button continue-center\" style=\"-webkit-box-shadow:none;-moz-box-shadow:none;box-shadow:none;border-radius:2px;\" href=\"bases-para-reservatorios\/\" target=\"_self\"><span>Veja Mais...<\/span><\/a><\/div><\/div><div class=\"fusion-clearfix\"><\/div><\/div><\/div><\/div><style type=\"text\/css\">.fusion-fullwidth.fusion-builder-row-1 { overflow:visible; }<\/style><\/div>\n","protected":false},"excerpt":{"rendered":"","protected":false},"author":3,"featured_media":0,"parent":0,"menu_order":0,"comment_status":"closed","ping_status":"closed","template":"","meta":{"footnotes":""},"class_list":["post-6","page","type-page","status-publish","hentry"],"yoast_head":"<!-- This site is optimized with the Yoast SEO plugin v23.6 - https:\/\/yoast.com\/wordpress\/plugins\/seo\/ -->\n<title>HOME - Roma Reservat\u00f3rios<\/title>\n<meta name=\"robots\" content=\"noindex, follow\" \/>\n<meta property=\"og:locale\" content=\"pt_BR\" \/>\n<meta property=\"og:type\" content=\"article\" \/>\n<meta property=\"og:title\" content=\"HOME - Roma Reservat\u00f3rios\" \/>\n<meta property=\"og:url\" content=\"https:\/\/romareservatorios.com.br\/site\/\" \/>\n<meta property=\"og:site_name\" content=\"Roma Reservat\u00f3rios\" \/>\n<meta property=\"article:modified_time\" content=\"2019-10-17T14:22:02+00:00\" \/>\n<meta property=\"og:image\" content=\"http:\/\/romareservatorios.com.br\/site\/wp-content\/uploads\/2016\/08\/icones-roma-reservatorios-reservatorios-300x100.jpg\" \/>\n<meta name=\"twitter:card\" content=\"summary_large_image\" \/>\n<meta name=\"twitter:label1\" content=\"Est. tempo de leitura\" \/>\n\t<meta name=\"twitter:data1\" content=\"4 minutos\" \/>\n<script type=\"application\/ld+json\" class=\"yoast-schema-graph\">{\"@context\":\"https:\/\/schema.org\",\"@graph\":[{\"@type\":\"WebPage\",\"@id\":\"https:\/\/romareservatorios.com.br\/site\/\",\"url\":\"https:\/\/romareservatorios.com.br\/site\/\",\"name\":\"HOME - Roma Reservat\u00f3rios\",\"isPartOf\":{\"@id\":\"https:\/\/romareservatorios.com.br\/site\/#website\"},\"primaryImageOfPage\":{\"@id\":\"https:\/\/romareservatorios.com.br\/site\/#primaryimage\"},\"image\":{\"@id\":\"https:\/\/romareservatorios.com.br\/site\/#primaryimage\"},\"thumbnailUrl\":\"http:\/\/romareservatorios.com.br\/site\/wp-content\/uploads\/2016\/08\/icones-roma-reservatorios-reservatorios-300x100.jpg\",\"datePublished\":\"2016-08-17T15:23:46+00:00\",\"dateModified\":\"2019-10-17T14:22:02+00:00\",\"breadcrumb\":{\"@id\":\"https:\/\/romareservatorios.com.br\/site\/#breadcrumb\"},\"inLanguage\":\"pt-BR\",\"potentialAction\":[{\"@type\":\"ReadAction\",\"target\":[\"https:\/\/romareservatorios.com.br\/site\/\"]}]},{\"@type\":\"ImageObject\",\"inLanguage\":\"pt-BR\",\"@id\":\"https:\/\/romareservatorios.com.br\/site\/#primaryimage\",\"url\":\"http:\/\/romareservatorios.com.br\/site\/wp-content\/uploads\/2016\/08\/icones-roma-reservatorios-reservatorios-300x100.jpg\",\"contentUrl\":\"http:\/\/romareservatorios.com.br\/site\/wp-content\/uploads\/2016\/08\/icones-roma-reservatorios-reservatorios-300x100.jpg\"},{\"@type\":\"BreadcrumbList\",\"@id\":\"https:\/\/romareservatorios.com.br\/site\/#breadcrumb\",\"itemListElement\":[{\"@type\":\"ListItem\",\"position\":1,\"name\":\"In\u00edcio\",\"item\":\"https:\/\/romareservatorios.com.br\/site\/\"},{\"@type\":\"ListItem\",\"position\":2,\"name\":\"HOME\"}]},{\"@type\":\"WebSite\",\"@id\":\"https:\/\/romareservatorios.com.br\/site\/#website\",\"url\":\"https:\/\/romareservatorios.com.br\/site\/\",\"name\":\"Roma Reservat\u00f3rios\",\"description\":\"Roma Reservat\u00f3rios em Ta\u00e7a, Tubulares, Apoiado, Base para Reservat\u00f3rios\",\"potentialAction\":[{\"@type\":\"SearchAction\",\"target\":{\"@type\":\"EntryPoint\",\"urlTemplate\":\"https:\/\/romareservatorios.com.br\/site\/?s={search_term_string}\"},\"query-input\":{\"@type\":\"PropertyValueSpecification\",\"valueRequired\":true,\"valueName\":\"search_term_string\"}}],\"inLanguage\":\"pt-BR\"}]}<\/script>\n<!-- \/ Yoast SEO plugin. -->","yoast_head_json":{"title":"HOME - Roma Reservat\u00f3rios","robots":{"index":"noindex","follow":"follow"},"og_locale":"pt_BR","og_type":"article","og_title":"HOME - Roma Reservat\u00f3rios","og_url":"https:\/\/romareservatorios.com.br\/site\/","og_site_name":"Roma Reservat\u00f3rios","article_modified_time":"2019-10-17T14:22:02+00:00","og_image":[{"url":"http:\/\/romareservatorios.com.br\/site\/wp-content\/uploads\/2016\/08\/icones-roma-reservatorios-reservatorios-300x100.jpg"}],"twitter_card":"summary_large_image","twitter_misc":{"Est. tempo de leitura":"4 minutos"},"schema":{"@context":"https:\/\/schema.org","@graph":[{"@type":"WebPage","@id":"https:\/\/romareservatorios.com.br\/site\/","url":"https:\/\/romareservatorios.com.br\/site\/","name":"HOME - Roma Reservat\u00f3rios","isPartOf":{"@id":"https:\/\/romareservatorios.com.br\/site\/#website"},"primaryImageOfPage":{"@id":"https:\/\/romareservatorios.com.br\/site\/#primaryimage"},"image":{"@id":"https:\/\/romareservatorios.com.br\/site\/#primaryimage"},"thumbnailUrl":"http:\/\/romareservatorios.com.br\/site\/wp-content\/uploads\/2016\/08\/icones-roma-reservatorios-reservatorios-300x100.jpg","datePublished":"2016-08-17T15:23:46+00:00","dateModified":"2019-10-17T14:22:02+00:00","breadcrumb":{"@id":"https:\/\/romareservatorios.com.br\/site\/#breadcrumb"},"inLanguage":"pt-BR","potentialAction":[{"@type":"ReadAction","target":["https:\/\/romareservatorios.com.br\/site\/"]}]},{"@type":"ImageObject","inLanguage":"pt-BR","@id":"https:\/\/romareservatorios.com.br\/site\/#primaryimage","url":"http:\/\/romareservatorios.com.br\/site\/wp-content\/uploads\/2016\/08\/icones-roma-reservatorios-reservatorios-300x100.jpg","contentUrl":"http:\/\/romareservatorios.com.br\/site\/wp-content\/uploads\/2016\/08\/icones-roma-reservatorios-reservatorios-300x100.jpg"},{"@type":"BreadcrumbList","@id":"https:\/\/romareservatorios.com.br\/site\/#breadcrumb","itemListElement":[{"@type":"ListItem","position":1,"name":"In\u00edcio","item":"https:\/\/romareservatorios.com.br\/site\/"},{"@type":"ListItem","position":2,"name":"HOME"}]},{"@type":"WebSite","@id":"https:\/\/romareservatorios.com.br\/site\/#website","url":"https:\/\/romareservatorios.com.br\/site\/","name":"Roma Reservat\u00f3rios","description":"Roma Reservat\u00f3rios em Ta\u00e7a, Tubulares, Apoiado, Base para Reservat\u00f3rios","potentialAction":[{"@type":"SearchAction","target":{"@type":"EntryPoint","urlTemplate":"https:\/\/romareservatorios.com.br\/site\/?s={search_term_string}"},"query-input":{"@type":"PropertyValueSpecification","valueRequired":true,"valueName":"search_term_string"}}],"inLanguage":"pt-BR"}]}},"_links":{"self":[{"href":"https:\/\/romareservatorios.com.br\/site\/wp-json\/wp\/v2\/pages\/6"}],"collection":[{"href":"https:\/\/romareservatorios.com.br\/site\/wp-json\/wp\/v2\/pages"}],"about":[{"href":"https:\/\/romareservatorios.com.br\/site\/wp-json\/wp\/v2\/types\/page"}],"author":[{"embeddable":true,"href":"https:\/\/romareservatorios.com.br\/site\/wp-json\/wp\/v2\/users\/3"}],"replies":[{"embeddable":true,"href":"https:\/\/romareservatorios.com.br\/site\/wp-json\/wp\/v2\/comments?post=6"}],"version-history":[{"count":88,"href":"https:\/\/romareservatorios.com.br\/site\/wp-json\/wp\/v2\/pages\/6\/revisions"}],"predecessor-version":[{"id":225,"href":"https:\/\/romareservatorios.com.br\/site\/wp-json\/wp\/v2\/pages\/6\/revisions\/225"}],"wp:attachment":[{"href":"https:\/\/romareservatorios.com.br\/site\/wp-json\/wp\/v2\/media?parent=6"}],"curies":[{"name":"wp","href":"https:\/\/api.w.org\/{rel}","templated":true}]}}