{"id":9,"date":"2016-08-17T15:26:23","date_gmt":"2016-08-17T15:26:23","guid":{"rendered":"http:\/\/romareservatorios.com.br\/site\/?page_id=9"},"modified":"2019-07-25T12:11:54","modified_gmt":"2019-07-25T12:11:54","slug":"empresa","status":"publish","type":"page","link":"https:\/\/romareservatorios.com.br\/site\/empresa\/","title":{"rendered":"EMPRESA"},"content":{"rendered":"<h1>Empresa<\/h1>\n<h3 style=\"text-align: justify;\"><img decoding=\"async\" class=\"lazyload alignright wp-image-172 \" src=\"https:\/\/romareservatorios.com.br\/site\/wp-content\/uploads\/2016\/08\/banner-roma-reservatorios-2-0-1-1024x372.jpg\" data-orig-src=\"https:\/\/romareservatorios.com.br\/site\/wp-content\/uploads\/2016\/08\/banner-roma-reservatorios-2-0-1-1024x372.jpg\" alt=\"banner-roma-reservatorios-2-0\" width=\"738\" height=\"268\" srcset=\"data:image\/svg+xml,%3Csvg%20xmlns%3D%27http%3A%2F%2Fwww.w3.org%2F2000%2Fsvg%27%20width%3D%27738%27%20height%3D%27268%27%20viewBox%3D%270%200%20738%20268%27%3E%3Crect%20width%3D%27738%27%20height%3D%27268%27%20fill-opacity%3D%220%22%2F%3E%3C%2Fsvg%3E\" data-srcset=\"https:\/\/romareservatorios.com.br\/site\/wp-content\/uploads\/2016\/08\/banner-roma-reservatorios-2-0-1-200x73.jpg 200w, https:\/\/romareservatorios.com.br\/site\/wp-content\/uploads\/2016\/08\/banner-roma-reservatorios-2-0-1-300x109.jpg 300w, https:\/\/romareservatorios.com.br\/site\/wp-content\/uploads\/2016\/08\/banner-roma-reservatorios-2-0-1-400x145.jpg 400w, https:\/\/romareservatorios.com.br\/site\/wp-content\/uploads\/2016\/08\/banner-roma-reservatorios-2-0-1-600x218.jpg 600w, https:\/\/romareservatorios.com.br\/site\/wp-content\/uploads\/2016\/08\/banner-roma-reservatorios-2-0-1-768x279.jpg 768w, https:\/\/romareservatorios.com.br\/site\/wp-content\/uploads\/2016\/08\/banner-roma-reservatorios-2-0-1-800x291.jpg 800w, https:\/\/romareservatorios.com.br\/site\/wp-content\/uploads\/2016\/08\/banner-roma-reservatorios-2-0-1-1024x372.jpg 1024w, https:\/\/romareservatorios.com.br\/site\/wp-content\/uploads\/2016\/08\/banner-roma-reservatorios-2-0-1.jpg 1100w\" data-sizes=\"auto\" data-orig-sizes=\"(max-width: 738px) 100vw, 738px\" \/>Nosso principal objetivo \u00e9 garantir a qualidade dos nossos produtos e servi\u00e7os, de acordo com as mais exigentes normas e padr\u00f5es existentes no mercado.<\/h3>\n<h3 style=\"text-align: justify;\">Como compromisso vamos proporcionar a voc\u00ea cliente uma experi\u00eancia de compra com o mais alto n\u00edvel de tranquilidade e plena satisfa\u00e7\u00e3o sobre os produtos\u00a0e servi\u00e7os adquiridos, at\u00e9 sua completa conclus\u00e3o.<\/h3>\n<p>&nbsp;<\/p>\n<p>&nbsp;<\/p>\n<p>&nbsp;<\/p>\n<p>&nbsp;<\/p>\n<p>&nbsp;<\/p>\n<p>&nbsp;<\/p>\n<p>&nbsp;<\/p>\n<p>&nbsp;<\/p>\n<p>&nbsp;<\/p>\n","protected":false},"excerpt":{"rendered":"<p>Empresa Nosso principal objetivo \u00e9 garantir a qualidade dos nossos produtos e servi\u00e7os, de acordo com as mais exigentes normas e padr\u00f5es existentes no mercado. Como compromisso vamos proporcionar a voc\u00ea cliente uma experi\u00eancia de compra com o mais alto n\u00edvel de tranquilidade e plena satisfa\u00e7\u00e3o sobre os produtos\u00a0e servi\u00e7os adquiridos, at\u00e9 sua completa conclus\u00e3o. [&hellip;]<\/p>\n","protected":false},"author":3,"featured_media":0,"parent":0,"menu_order":0,"comment_status":"closed","ping_status":"closed","template":"","meta":{"footnotes":""},"class_list":["post-9","page","type-page","status-publish","hentry"],"yoast_head":"<!-- This site is optimized with the Yoast SEO plugin v23.6 - https:\/\/yoast.com\/wordpress\/plugins\/seo\/ -->\n<title>EMPRESA - Roma Reservat\u00f3rios<\/title>\n<meta name=\"robots\" content=\"noindex, follow\" \/>\n<meta property=\"og:locale\" content=\"pt_BR\" \/>\n<meta property=\"og:type\" content=\"article\" \/>\n<meta property=\"og:title\" content=\"EMPRESA - Roma Reservat\u00f3rios\" \/>\n<meta property=\"og:description\" content=\"Empresa Nosso principal objetivo \u00e9 garantir a qualidade dos nossos produtos e servi\u00e7os, de acordo com as mais exigentes normas e padr\u00f5es existentes no mercado. Como compromisso vamos proporcionar a voc\u00ea cliente uma experi\u00eancia de compra com o mais alto n\u00edvel de tranquilidade e plena satisfa\u00e7\u00e3o sobre os produtos\u00a0e servi\u00e7os adquiridos, at\u00e9 sua completa conclus\u00e3o. [&hellip;]\" \/>\n<meta property=\"og:url\" content=\"https:\/\/romareservatorios.com.br\/site\/empresa\/\" \/>\n<meta property=\"og:site_name\" content=\"Roma Reservat\u00f3rios\" \/>\n<meta property=\"article:modified_time\" content=\"2019-07-25T12:11:54+00:00\" \/>\n<meta property=\"og:image\" content=\"http:\/\/romareservatorios.com.br\/site\/wp-content\/uploads\/2016\/08\/banner-roma-reservatorios-2-0-1-1024x372.jpg\" \/>\n<meta name=\"twitter:card\" content=\"summary_large_image\" \/>\n<script type=\"application\/ld+json\" class=\"yoast-schema-graph\">{\"@context\":\"https:\/\/schema.org\",\"@graph\":[{\"@type\":\"WebPage\",\"@id\":\"https:\/\/romareservatorios.com.br\/site\/empresa\/\",\"url\":\"https:\/\/romareservatorios.com.br\/site\/empresa\/\",\"name\":\"EMPRESA - Roma Reservat\u00f3rios\",\"isPartOf\":{\"@id\":\"https:\/\/romareservatorios.com.br\/site\/#website\"},\"primaryImageOfPage\":{\"@id\":\"https:\/\/romareservatorios.com.br\/site\/empresa\/#primaryimage\"},\"image\":{\"@id\":\"https:\/\/romareservatorios.com.br\/site\/empresa\/#primaryimage\"},\"thumbnailUrl\":\"http:\/\/romareservatorios.com.br\/site\/wp-content\/uploads\/2016\/08\/banner-roma-reservatorios-2-0-1-1024x372.jpg\",\"datePublished\":\"2016-08-17T15:26:23+00:00\",\"dateModified\":\"2019-07-25T12:11:54+00:00\",\"breadcrumb\":{\"@id\":\"https:\/\/romareservatorios.com.br\/site\/empresa\/#breadcrumb\"},\"inLanguage\":\"pt-BR\",\"potentialAction\":[{\"@type\":\"ReadAction\",\"target\":[\"https:\/\/romareservatorios.com.br\/site\/empresa\/\"]}]},{\"@type\":\"ImageObject\",\"inLanguage\":\"pt-BR\",\"@id\":\"https:\/\/romareservatorios.com.br\/site\/empresa\/#primaryimage\",\"url\":\"http:\/\/romareservatorios.com.br\/site\/wp-content\/uploads\/2016\/08\/banner-roma-reservatorios-2-0-1-1024x372.jpg\",\"contentUrl\":\"http:\/\/romareservatorios.com.br\/site\/wp-content\/uploads\/2016\/08\/banner-roma-reservatorios-2-0-1-1024x372.jpg\"},{\"@type\":\"BreadcrumbList\",\"@id\":\"https:\/\/romareservatorios.com.br\/site\/empresa\/#breadcrumb\",\"itemListElement\":[{\"@type\":\"ListItem\",\"position\":1,\"name\":\"In\u00edcio\",\"item\":\"https:\/\/romareservatorios.com.br\/site\/\"},{\"@type\":\"ListItem\",\"position\":2,\"name\":\"EMPRESA\"}]},{\"@type\":\"WebSite\",\"@id\":\"https:\/\/romareservatorios.com.br\/site\/#website\",\"url\":\"https:\/\/romareservatorios.com.br\/site\/\",\"name\":\"Roma Reservat\u00f3rios\",\"description\":\"Roma Reservat\u00f3rios em Ta\u00e7a, Tubulares, Apoiado, Base para Reservat\u00f3rios\",\"potentialAction\":[{\"@type\":\"SearchAction\",\"target\":{\"@type\":\"EntryPoint\",\"urlTemplate\":\"https:\/\/romareservatorios.com.br\/site\/?s={search_term_string}\"},\"query-input\":{\"@type\":\"PropertyValueSpecification\",\"valueRequired\":true,\"valueName\":\"search_term_string\"}}],\"inLanguage\":\"pt-BR\"}]}<\/script>\n<!-- \/ Yoast SEO plugin. -->","yoast_head_json":{"title":"EMPRESA - Roma Reservat\u00f3rios","robots":{"index":"noindex","follow":"follow"},"og_locale":"pt_BR","og_type":"article","og_title":"EMPRESA - Roma Reservat\u00f3rios","og_description":"Empresa Nosso principal objetivo \u00e9 garantir a qualidade dos nossos produtos e servi\u00e7os, de acordo com as mais exigentes normas e padr\u00f5es existentes no mercado. Como compromisso vamos proporcionar a voc\u00ea cliente uma experi\u00eancia de compra com o mais alto n\u00edvel de tranquilidade e plena satisfa\u00e7\u00e3o sobre os produtos\u00a0e servi\u00e7os adquiridos, at\u00e9 sua completa conclus\u00e3o. [&hellip;]","og_url":"https:\/\/romareservatorios.com.br\/site\/empresa\/","og_site_name":"Roma Reservat\u00f3rios","article_modified_time":"2019-07-25T12:11:54+00:00","og_image":[{"url":"http:\/\/romareservatorios.com.br\/site\/wp-content\/uploads\/2016\/08\/banner-roma-reservatorios-2-0-1-1024x372.jpg"}],"twitter_card":"summary_large_image","schema":{"@context":"https:\/\/schema.org","@graph":[{"@type":"WebPage","@id":"https:\/\/romareservatorios.com.br\/site\/empresa\/","url":"https:\/\/romareservatorios.com.br\/site\/empresa\/","name":"EMPRESA - Roma Reservat\u00f3rios","isPartOf":{"@id":"https:\/\/romareservatorios.com.br\/site\/#website"},"primaryImageOfPage":{"@id":"https:\/\/romareservatorios.com.br\/site\/empresa\/#primaryimage"},"image":{"@id":"https:\/\/romareservatorios.com.br\/site\/empresa\/#primaryimage"},"thumbnailUrl":"http:\/\/romareservatorios.com.br\/site\/wp-content\/uploads\/2016\/08\/banner-roma-reservatorios-2-0-1-1024x372.jpg","datePublished":"2016-08-17T15:26:23+00:00","dateModified":"2019-07-25T12:11:54+00:00","breadcrumb":{"@id":"https:\/\/romareservatorios.com.br\/site\/empresa\/#breadcrumb"},"inLanguage":"pt-BR","potentialAction":[{"@type":"ReadAction","target":["https:\/\/romareservatorios.com.br\/site\/empresa\/"]}]},{"@type":"ImageObject","inLanguage":"pt-BR","@id":"https:\/\/romareservatorios.com.br\/site\/empresa\/#primaryimage","url":"http:\/\/romareservatorios.com.br\/site\/wp-content\/uploads\/2016\/08\/banner-roma-reservatorios-2-0-1-1024x372.jpg","contentUrl":"http:\/\/romareservatorios.com.br\/site\/wp-content\/uploads\/2016\/08\/banner-roma-reservatorios-2-0-1-1024x372.jpg"},{"@type":"BreadcrumbList","@id":"https:\/\/romareservatorios.com.br\/site\/empresa\/#breadcrumb","itemListElement":[{"@type":"ListItem","position":1,"name":"In\u00edcio","item":"https:\/\/romareservatorios.com.br\/site\/"},{"@type":"ListItem","position":2,"name":"EMPRESA"}]},{"@type":"WebSite","@id":"https:\/\/romareservatorios.com.br\/site\/#website","url":"https:\/\/romareservatorios.com.br\/site\/","name":"Roma Reservat\u00f3rios","description":"Roma Reservat\u00f3rios em Ta\u00e7a, Tubulares, Apoiado, Base para Reservat\u00f3rios","potentialAction":[{"@type":"SearchAction","target":{"@type":"EntryPoint","urlTemplate":"https:\/\/romareservatorios.com.br\/site\/?s={search_term_string}"},"query-input":{"@type":"PropertyValueSpecification","valueRequired":true,"valueName":"search_term_string"}}],"inLanguage":"pt-BR"}]}},"_links":{"self":[{"href":"https:\/\/romareservatorios.com.br\/site\/wp-json\/wp\/v2\/pages\/9"}],"collection":[{"href":"https:\/\/romareservatorios.com.br\/site\/wp-json\/wp\/v2\/pages"}],"about":[{"href":"https:\/\/romareservatorios.com.br\/site\/wp-json\/wp\/v2\/types\/page"}],"author":[{"embeddable":true,"href":"https:\/\/romareservatorios.com.br\/site\/wp-json\/wp\/v2\/users\/3"}],"replies":[{"embeddable":true,"href":"https:\/\/romareservatorios.com.br\/site\/wp-json\/wp\/v2\/comments?post=9"}],"version-history":[{"count":8,"href":"https:\/\/romareservatorios.com.br\/site\/wp-json\/wp\/v2\/pages\/9\/revisions"}],"predecessor-version":[{"id":196,"href":"https:\/\/romareservatorios.com.br\/site\/wp-json\/wp\/v2\/pages\/9\/revisions\/196"}],"wp:attachment":[{"href":"https:\/\/romareservatorios.com.br\/site\/wp-json\/wp\/v2\/media?parent=9"}],"curies":[{"name":"wp","href":"https:\/\/api.w.org\/{rel}","templated":true}]}}